e factors of a(7).
3, 557
Suppose y - 7 = -2*m, 0 = -2*m - 2*y + 10 - 0. Let d be m/(6/21) + -1. Let h = d + 4. List the prime factors of h.
2, 5
Suppose b = 3*b - 3*v - 116, 214 = 4*b + 3*v. Suppose -37 - b = -c. List the prime factors of c.
2, 23
Let g = 545 - -313. What are the prime factors of g?
2, 3, 11, 13
Let k be (-12)/(-9)*3/(-2). Let t be 9 + (1 - (1 - k)). Suppose 0 = t*y - 2*y - 35. What are the prime factors of y?
7
Let n(h) = -16*h - 6. Let v be n(5). Let b = v + 123. What are the prime factors of b?
37
Let n(j) = 2*j**3 - 31*j**2 - 16*j + 4. Let i be n(16). Let h be ((-9)/15)/(2/(-10)). Suppose i*m + h = 35. List the prime factors of m.
2
Let t = 44 - 39. Suppose 0 = k + 4*n - 132, t*n - 322 = -5*k + 293. List the prime factors of k.
2, 3, 5
What are the prime factors of 190800/160 - 6/(-4)?
2, 3, 199
Let v be (-2)/(-13) + (-21752)/104. Let u = -38 - v. Suppose -3*g + 0*g = -u. What are the prime factors of g?
3, 19
Let r(s) = 74*s**2 - 22*s + 18. What are the prime factors of r(8)?
2, 3, 7, 109
Let h(b) = 100*b - 130. What are the prime factors of h(10)?
2, 3, 5, 29
Suppose 0 = 3*u + 219 + 102. Let v = -33 - u. What are the prime factors of v?
2, 37
Let w(q) = -2*q + 12. Let g be w(5). Suppose z = g*z - 55. What are the prime factors of z?
5, 11
Suppose 3*k - 16 = 5*i, -3*k = -7*k + 4*i + 16. List the prime factors of k.
2
Let a = 1660 - 962. What are the prime factors of a?
2, 349
Let a be 3705/26*(-4)/3. List the prime factors of (a/(-20))/(3/18).
3, 19
Let t(r) = -7*r**2 - 7*r - 5. Let p(s) = -s**2 - s + 1. Let l(g) = 6*p(g) - t(g). What are the prime factors of l(-7)?
53
Let r = 3 - 11. Let b be -2 - (-7)/((-28)/r). Suppose b = -i + 4 - 2. List the prime factors of i.
2
Let y be 43*((-8)/(-4))/4*-2. Let q = -40 - y. What are the prime factors of q?
3
Let c(n) = -n**3 + n**2 + 5*n - 3. Let l(y) = -y + 4. Let q be l(2). Let w be c(q). Let r = 27 - w. What are the prime factors of r?
2, 3
Let h = -96 - -356. Let v = h + -60. List the prime factors of v.
2, 5
Suppose 2*x = 5*g - 4276, 11*g - 6*g + 2*x - 4264 = 0. What are the prime factors of g?
2, 7, 61
Let x be (-2)/4 - 319/2. Let a = x + -70. What are the prime factors of (a/25)/(4/(-10))?
23
What are the prime factors of 4/(-10) + 568089/235?
2417
Suppose 0 = -28*m - 7959 + 80787. What are the prime factors of m?
3, 17
Let r be 3 + (5*-28)/4. Let b = -28 - r. What are the prime factors of b?
2
Suppose -2 - 1 = -b. Let r be (-1 + b - -1) + -3. Suppose 0 = c - 3, 72 = -r*k + 3*k + 5*c. What are the prime factors of k?
19
Let b(u) be the first derivative of 7*u**3/3 - 9*u**2/2 - 12*u - 52. List the prime factors of b(-6).
2, 3, 7
Let n = -34 + 36. Let d(a) = -34*a + 1 + 14*a - 2*a**n - a**3 + 22*a. List the prime factors of d(-3).
2
Suppose 3*q = x + 23, -2*q = -0*q - 5*x - 11. Suppose j = d + 4*d + 36, 4*d = q. What are the prime factors of j?
2, 23
Suppose -2*y + 234 = y. Let x be (4/6)/(2/y). Suppose 2*w = 4*w - x. What are the prime factors of w?
13
Let y be (-30)/(-75) + (-2)/5. Suppose 0 = -3*f + 9*c - 7*c + 462, -c = y. List the prime factors of f.
2, 7, 11
Let u(d) = -3*d**3 - 3*d**2 + 2*d - 4. Let r = 14 + -16. Let a be 2/2 + 8/r. What are the prime factors of u(a)?
2, 11
Let w(m) = m**3 - 6*m**2 + 4*m - 3. Let s be w(5). Let y = 8 + s. Suppose -3*r - 2*r + 120 = y. What are the prime factors of r?
2, 3
Let o be (15 - -1)*2/4. Let g = 3 - o. Let u(s) = -s**3 - 4*s**2 + 3*s. What are the prime factors of u(g)?
2, 5
What are the prime factors of (-2*63)/(18/(-156))?
2, 3, 7, 13
Let q(j) = -j**2 - 7*j - 3. Let c be q(-6). Suppose 3*p = 2*p + c. Suppose 4*v - 8*v + 37 = s, -p*s = 9. What are the prime factors of v?
2, 5
Let i be 2/(-3) + (12/9)/(-4). List the prime factors of (-20 - (-4)/(-2))/i.
2, 11
Let l = -21 + 32. Suppose y + 15 = l. What are the prime factors of 138/(-4)*y/6?
23
Let i be 565 + -1 + 2 + 1. What are the prime factors of 2/(-10) + i/35?
2
Let g(a) = a + 6. Let w be g(-6). Suppose 4 = 4*j - 2*j. Suppose -4*k + 5*i + 63 = 0, k + w*i = j*i + 15. List the prime factors of k.
17
Let x = 20 - -353. What are the prime factors of x?
373
Let v = -20 - -22. Suppose 0 = v*f - 7*f + 260. List the prime factors of f.
2, 13
Let t be (-2 + 2 + -1)*-1. Let x(w) = 98*w**3 - w**2 - 3*w + 3. List the prime factors of x(t).
97
Let i(o) = -64*o + 15. What are the prime factors of i(-6)?
3, 7, 19
Let w(d) = d**3 + 7*d**2 - 5*d - 12. Suppose -3*y = 4*m + 34, 0*m + 5*y - 4 = 2*m. Let u be 12/(-10)*(m - -12). List the prime factors of w(u).
2, 3
Let k(f) = f**2 + 4*f + 2. Let t be k(-3). List the prime factors of 6 - 3 - 32/t.
5, 7
Let z be 7 + -9 - 412/(-2). Suppose 2*y - 3*x = z, -4*x + 272 = -4*y + 7*y. List the prime factors of y.
2, 3
Suppose -3*x + 2554 = -2*u, 0 = -0*x + 5*x + 3*u - 4263. What are the prime factors of x?
2, 3, 71
Let b be 38/133 + 1662/14. Let n = -39 + b. List the prime factors of n.
2, 5
Let j = -1027 + 1522. List the prime factors of j.
3, 5, 11
Let v be (0 - 1)/(11/(-22)). Suppose v*f + 14 = -2. List the prime factors of (24/(-14))/(f/56).
2, 3
Suppose 2*s = -0*s - 22. Let g be -4 - (s - (0 + -1)). Suppose 11*u - g*u - 300 = 5*t, -4*t + 300 = 5*u. List the prime factors of u.
2, 3, 5
What are the prime factors of -15 + 10 - ((-723)/3 + 0)?
2, 59
Let j(r) be the second derivative of -r + 0 - 1/3*r**3 - 3*r**2. What are the prime factors of j(-10)?
2, 7
Let a = -932 - -1741. What are the prime factors of a?
809
Let x(m) = 42*m + 314. What are the prime factors of x(-2)?
2, 5, 23
Let p(o) be the second derivative of o**4/3 - 2*o**3 + 13*o**2/2 + 10*o. What are the prime factors of p(7)?
5
Let s(b) = b**3 + 16*b**2 + 5*b - 6. What are the prime factors of s(6)?
2, 3, 17
Suppose 4*o = -9*h + 4*h + 166, -3*o = 3*h - 102. Let u = h - -7. What are the prime factors of u?
37
Suppose 23*y = 38*y - 1020. List the prime factors of y.
2, 17
Let o(n) = 90*n**2 - 3*n - 4. List the prime factors of o(-2).
2, 181
Suppose 5*s - 9 = -j, -4*s - 3*j + 4 + 1 = 0. Suppose -92 = -3*o + 40. Suppose o = 4*f - s*f. List the prime factors of f.
2, 11
Suppose 149760 = 62*r - 2*r. List the prime factors of r.
2, 3, 13
Suppose -5*k - 1855 = -3*y, -4*y - 30*k = -28*k - 2508. What are the prime factors of y?
5
Let m be (1 + 3 + -1)*-3. Let l be 2/m + (-346)/(-18). Suppose 5*a = 7*a, l = p - a. What are the prime factors of p?
19
Suppose -2*c = -5*f - 64, 3*c + f - 75 = 21. Suppose -c*l = -33*l + 62. What are the prime factors of l?
2, 31
Let l(d) = -530*d - 80. List the prime factors of l(-3).
2, 5, 151
Let j be ((56/(-24))/(-7))/((-2)/(-786)). Suppose -5*k = -5*g + 209 + j, 4*k - 136 = -2*g. List the prime factors of g.
2, 17
Suppose -3*y - 13 = -16. List the prime factors of (1 - 160/(-4))/y.
41
Suppose 0 = -l - 3*l + 16, -3*l = -5*r + 163. Suppose r = b - 3*q, 2*b - 2*q - 91 = -b. What are the prime factors of b?
29
Let g be (-92)/12 + 2/(-6) + 0. Let a(z) = -z + 16. List the prime factors of a(g).
2, 3
Suppose 12*r = 5126 + 466. Suppose 2*f - 2*s = s + r, s = -f + 223. What are the prime factors of f?
227
Let h = -49 + 21. List the prime factors of ((-14)/h)/((-1)/(-50)).
5
Let a = 1450 + -769. Suppose 657 = 5*z - 2*j, 2*j = 5*z + 6*j - a. List the prime factors of z.
7, 19
Suppose -107 = -3*m - 3*x + 1015, 0 = x - 1. List the prime factors of m.
373
Let i be 52 - (-2 - (-1 - 3)). Suppose 5*g = -2*q + i, -1 = -2*g - 3*q + 30. What are the prime factors of g?
2
Let g = 107 - 220. Let q(l) = -2*l**2 + 6*l - 4. Let c be q(7). Let m = c - g. What are the prime factors of m?
53
Suppose -4*k + 134 = -322. Let z be 2/(-4*1/k). Let s = -28 - z. List the prime factors of s.
29
Suppose 2*n - 7 = -2*c + 7, -2*c = -4*n - 2. Suppose 36 - 6 = -c*d. What are the prime factors of 12 - (-1)/(-2)*d?
3, 5
Suppose 25*b + 4 = 27*b. Suppose -4*x + 458 = 5*g - 0*x, -5*x = -b*g + 170. List the prime factors of g.
2, 3, 5
List the prime factors of (-105)/(-45) - (-1090)/6.
2, 23
Let f(q) = q**2 + 4*q - 24. Let s be f(6). Suppose -17*j + s = -5*j. What are the prime factors of j?
3
Let b(o) = 7*o**2 - o + 1. Let h be b(1). Suppose -h*z - 173 = -600. What are the prime factors of z?
61
Let c(l) = l**3 + 16*l**2 - 16*l + 19. Let v be c(-17). Suppose 5*p - 413 = -v*p. What are the prime factors of p